38?
5
Calculate the remainder when 3975589 is divided by 567918.
163
Calculate the remainder when 121579 is divided by 2702.
2691
What is the remainder when 2222205 is divided by 32?
29
What is the remainder when 3008701 is divided by 1049?
169
Calculate the remainder when 4027283 is divided by 194.
37
What is the remainder when 9725939 is divided by 138?
113
Calculate the remainder when 255153 is divided by 63658.
521
Calculate the remainder when 30332 is divided by 119.
106
Calculate the remainder when 9701056 is divided by 495.
46
Calculate the remainder when 10793274 is divided by 1333.
1306
What is the remainder when 3725624 is divided by 532205?
189
Calculate the remainder when 45936019 is divided by 5.
4
What is the remainder when 53544 is divided by 13352?
136
What is the remainder when 8409060 is divided by 166?
164
What is the remainder when 2521666 is divided by 1857?
1717
Calculate the remainder when 221088 is divided by 666.
642
Calculate the remainder when 649368 is divided by 81133.
304
Calculate the remainder when 40579694 is divided by 13526549.
47
What is the remainder when 34453 is divided by 11393?
274
What is the remainder when 4742628 is divided by 59?
31
What is the remainder when 4512506 is divided by 731?
43
Calculate the remainder when 1248930 is divided by 44597.
214
What is the remainder when 2124879 is divided by 53116?
239
Calculate the remainder when 12803 is divided by 3234.
3101
Calculate the remainder when 1044930 is divided by 446.
398
What is the remainder when 581691 is divided by 581133?
558
What is the remainder when 9304957 is divided by 1092?
25
Calculate the remainder when 3186141 is divided by 1872.
1869
What is the remainder when 20013 is divided by 1990?
113
What is the remainder when 27433258 is divided by 568?
562
What is the remainder when 2209 is divided by 2070?
139
Calculate the remainder when 151161007 is divided by 1886.
1879
What is the remainder when 3579318 is divided by 860?
858
Calculate the remainder when 647920 is divided by 161962.
72
What is the remainder when 2264486 is divided by 1132222?
42
Calculate the remainder when 934536 is divided by 3476.
2968
What is the remainder when 174067 is divided by 56201?
5464
Calculate the remainder when 272703 is divided by 136339.
25
Calculate the remainder when 140011292 is divided by 100.
92
What is the remainder when 15778990 is divided by 272?
270
Calculate the remainder when 22337486 is divided by 255.
251
What is the remainder when 15279 is divided by 3147?
2691
Calculate the remainder when 6390438 is divided by 9.
6
What is the remainder when 10979 is divided by 2619?
503
What is the remainder when 32284935 is divided by 8071221?
51
Calculate the remainder when 263242 is divided by 13786.
1308
Calculate the remainder when 51179112 is divided by 133.
47
What is the remainder when 4788625 is divided by 191544?
25
What is the remainder when 373156 is divided by 2020?
1476
What is the remainder when 1249300 is divided by 208176?
244
Calculate the remainder when 1158112 is divided by 987.
361
Calculate the remainder when 4249990 is divided by 332.
58
Calculate the remainder when 6553469 is divided by 2184486.
11
Calculate the remainder when 1190719 is divided by 12206.
6737
Calculate the remainder when 34801 is divided by 235.
21
What is the remainder when 9963 is divided by 953?
433
Calculate the remainder when 1431441 is divided by 4125.
66
What is the remainder when 319707 is divided by 1480?
27
Calculate the remainder when 55213 is divided by 27205.
803
What is the remainder when 797842 is divided by 333?
307
What is the remainder when 83669042 is divided by 804510?
2
Calculate the remainder when 152531915 is divided by 101.
99
What is the remainder when 6068860 is divided by 2874?
1846
Calculate the remainder when 113775 is divided by 37485.
1320
What is the remainder when 761645 is divided by 380821?
3
Calculate the remainder when 5994948 is divided by 999157.
6
What is the remainder when 69982214 is divided by 128?
6
Calculate the remainder when 109814 is divided by 7686.
2210
Calculate the remainder when 3287710 is divided by 2946.
2920
Calculate the remainder when 13409350 is divided by 4544.
6
What is the remainder when 8586950 is divided by 8586904?
46
What is the remainder when 365702 is divided by 652?
582
What is the remainder when 289488 is divided by 341?
320
What is the remainder when 2318084 is divided by 1366?
1348
Calculate the remainder when 36687 is divided by 4552.
271
What is the remainder when 36124988 is divided by 708?
704
What is the remainder when 1531521 is divided by 315?
306
What is the remainder when 1814106 is divided by 181410?
6
What is the remainder when 4374687 is divided by 2187339?
9
What is the remainder when 5233071 is divided by 151?
15
What is the remainder when 3527314 is divided by 1630?
1624
Calculate the remainder when 1068121 is divided by 561.
538
Calculate the remainder when 81029181 is divided by 16.
13
Calculate the remainder when 41822 is divided by 1073.
1048
Calculate the remainder when 1558191542 is divided by 8021.
8019
Calculate the remainder when 85498024 is divided by 1392.
1384
Calculate the remainder when 54860 is divided by 9018.
752
Calculate the remainder when 9562092 is divided by 71.
25
Calculate the remainder when 2274792 is divided by 11495.
10277
What is the remainder when 7383520 is divided by 199553?
59
Calculate the remainder when 457589 is divided by 3135.
3014
Calculate the remainder when 201814 is divided by 244.
26
What is the remainder when 176448 is divided by 846?
480
What is the remainder when 31898089 is divided by 68?
37
Calculate the remainder when 4175615 is divided by 1170.
1055
Calculate the remainder when 117285 is divided by 930.
105
What is the remainder when 4322242 is divided by 4851?
1
Calculate the remainder when 56442 is divided by 518.
498
What is the remainder when 18494 is divided by 337?
296
What is the remainder when 908614 is divided by 1298?
14
Calculate the remainder when 111983784 is divided by 18663959.
30
What is the remainder when 138012 is divided by 1282?
838
What is the remainder when 1503666 is divided by 20598?
12
What is the remainder when 803941 is divided by 803772?
169
Calculate the remainder when 144488758 is divided by 14.
8
What is the remainder when 32731 is divided by 1687?
678
What is the remainder when 8188943 is divided by 1519?
14
What is the remainder when 507280 is divided by 2698?
56
Calculate the remainder when 1454627 is divided by 19391.
302
What is the remainder when 100008 is divided by 99?
18
Calculate the remainder when 36237 is divided by 3543.
807
Calculate the remainder when 11393043 is divided by 11393028.
15
Calculate the remainder when 74864 is divided by 7512.
7256
What is the remainder when 53566674 is divided by 81?
78
What is the remainder when 2456219 is divided by 2456198?
21
Calculate the remainder when 32183 is divided by 8134.
7781
Calculate the remainder when 17903 is divided by 6168.
5567
What is the remainder when 78640 is divided by 13698?
10150
What is the remainder when 413274 is divided by 315?
309
What is the remainder when 6953 is divided by 3975?
2978
Calculate the remainder when 145145 is divided by 628.
77
What is the remainder when 90259 is divided by 86694?
3565
Calculate the remainder when 917349 is divided by 27798.
15
Calculate the remainder when 5955688 is divided by 32.
8
What is the remainder when 5837578 is divided by 5471?
21
What is the remainder when 23032 is divided by 700?
632
What is the remainder when 3778688 is divided by 98?
4
What is the remainder when 1669898 is divided by 534?
80
What is the remainder when 623463 is divided by 1532?
1471
Calculate the remainder when 28819637 is divided by 42.
35
Calculate the remainder when 81572351 is divided by 53.
51
What is the remainder when 1745766909 is divided by 16?
13
Calculate the remainder when 385169 is divided by 190579.
4011
What is the remainder when 3022329 is divided by 1007417?
78
Calculate the remainder when 1166183 is divided by 19.
1
What is the remainder when 2396677 is divided by 715?
712
What is the remainder when 1816051 is divided by 1815892?
159
What is the remainder when 461804 is divided by 355